{"id":162,"date":"2021-06-14T01:17:42","date_gmt":"2021-06-13T23:17:42","guid":{"rendered":"https:\/\/toppizza66.fr\/?page_id=162"},"modified":"2022-06-03T09:03:49","modified_gmt":"2022-06-03T07:03:49","slug":"adresse-et-numero-de-telephone","status":"publish","type":"page","link":"https:\/\/toppizza66.fr\/index.php\/adresse-et-numero-de-telephone\/","title":{"rendered":"Adresse et num\u00e9ro de t\u00e9l\u00e9phone"},"content":{"rendered":"\t\t<div data-elementor-type=\"wp-page\" data-elementor-id=\"162\" class=\"elementor elementor-162\" data-elementor-settings=\"[]\">\n\t\t\t\t\t\t\t<div class=\"elementor-section-wrap\">\n\t\t\t\t\t\t\t<section class=\"elementor-section elementor-top-section elementor-element elementor-element-b56025a elementor-section-boxed elementor-section-height-default elementor-section-height-default\" data-id=\"b56025a\" data-element_type=\"section\">\n\t\t\t\t\t\t<div class=\"elementor-container elementor-column-gap-default\">\n\t\t\t\t\t<div class=\"elementor-column elementor-col-50 elementor-top-column elementor-element elementor-element-a223268\" data-id=\"a223268\" data-element_type=\"column\">\n\t\t\t<div class=\"elementor-widget-wrap elementor-element-populated\">\n\t\t\t\t\t\t\t\t<div class=\"elementor-element elementor-element-3327953 elementor-widget elementor-widget-heading\" data-id=\"3327953\" data-element_type=\"widget\" data-widget_type=\"heading.default\">\n\t\t\t\t<div class=\"elementor-widget-container\">\n\t\t\t<h2 class=\"elementor-heading-title elementor-size-default\">ADRESSE : <\/h2>\t\t<\/div>\n\t\t\t\t<\/div>\n\t\t\t\t\t<\/div>\n\t\t<\/div>\n\t\t\t\t<div class=\"elementor-column elementor-col-50 elementor-top-column elementor-element elementor-element-9980359\" data-id=\"9980359\" data-element_type=\"column\">\n\t\t\t<div class=\"elementor-widget-wrap elementor-element-populated\">\n\t\t\t\t\t\t\t\t<div class=\"elementor-element elementor-element-2c1a15f elementor-widget elementor-widget-text-editor\" data-id=\"2c1a15f\" data-element_type=\"widget\" data-widget_type=\"text-editor.default\">\n\t\t\t\t<div class=\"elementor-widget-container\">\n\t\t\t\t\t\t\t\t<p style=\"text-align: center;\"><strong><span style=\"color: #000000;\">50, avenue Victor Hugo<\/span><\/strong><\/p><p style=\"text-align: center;\"><strong><span style=\"color: #000000;\">66270 LE SOLER<\/span><\/strong><\/p>\t\t\t\t\t\t<\/div>\n\t\t\t\t<\/div>\n\t\t\t\t\t<\/div>\n\t\t<\/div>\n\t\t\t\t\t\t\t<\/div>\n\t\t<\/section>\n\t\t\t\t<section class=\"elementor-section elementor-top-section elementor-element elementor-element-802fc8b elementor-section-boxed elementor-section-height-default elementor-section-height-default\" data-id=\"802fc8b\" data-element_type=\"section\">\n\t\t\t\t\t\t<div class=\"elementor-container elementor-column-gap-default\">\n\t\t\t\t\t<div class=\"elementor-column elementor-col-50 elementor-top-column elementor-element elementor-element-35643bd\" data-id=\"35643bd\" data-element_type=\"column\">\n\t\t\t<div class=\"elementor-widget-wrap elementor-element-populated\">\n\t\t\t\t\t\t\t\t<div class=\"elementor-element elementor-element-9056d03 elementor-widget elementor-widget-heading\" data-id=\"9056d03\" data-element_type=\"widget\" data-widget_type=\"heading.default\">\n\t\t\t\t<div class=\"elementor-widget-container\">\n\t\t\t<h2 class=\"elementor-heading-title elementor-size-default\">TELEPHONE : <\/h2>\t\t<\/div>\n\t\t\t\t<\/div>\n\t\t\t\t\t<\/div>\n\t\t<\/div>\n\t\t\t\t<div class=\"elementor-column elementor-col-50 elementor-top-column elementor-element elementor-element-cc90764\" data-id=\"cc90764\" data-element_type=\"column\">\n\t\t\t<div class=\"elementor-widget-wrap elementor-element-populated\">\n\t\t\t\t\t\t\t\t<div class=\"elementor-element elementor-element-e39c89f elementor-widget elementor-widget-text-editor\" data-id=\"e39c89f\" data-element_type=\"widget\" data-widget_type=\"text-editor.default\">\n\t\t\t\t<div class=\"elementor-widget-container\">\n\t\t\t\t\t\t\t\t<p style=\"text-align: center;\"><strong><span style=\"color: #000000;\">04 68 92 46 70<\/span><\/strong><\/p>\t\t\t\t\t\t<\/div>\n\t\t\t\t<\/div>\n\t\t\t\t\t<\/div>\n\t\t<\/div>\n\t\t\t\t\t\t\t<\/div>\n\t\t<\/section>\n\t\t\t\t<section class=\"elementor-section elementor-top-section elementor-element elementor-element-f28174f elementor-section-boxed elementor-section-height-default elementor-section-height-default\" data-id=\"f28174f\" data-element_type=\"section\">\n\t\t\t\t\t\t<div class=\"elementor-container elementor-column-gap-default\">\n\t\t\t\t\t<div class=\"elementor-column elementor-col-100 elementor-top-column elementor-element elementor-element-aba3b29\" data-id=\"aba3b29\" data-element_type=\"column\">\n\t\t\t<div class=\"elementor-widget-wrap elementor-element-populated\">\n\t\t\t\t\t\t\t\t<div class=\"elementor-element elementor-element-37b5eb1 elementor-widget elementor-widget-google_maps\" data-id=\"37b5eb1\" data-element_type=\"widget\" data-widget_type=\"google_maps.default\">\n\t\t\t\t<div class=\"elementor-widget-container\">\n\t\t\t\t\t<div class=\"elementor-custom-embed\">\n\t\t\t<iframe frameborder=\"0\" scrolling=\"no\" marginheight=\"0\" marginwidth=\"0\" src=\"https:\/\/maps.google.com\/maps?q=50%20Avenue%20Victor%20Hugo%2066270%20Le%20Soler&amp;t=m&amp;z=19&amp;output=embed&amp;iwloc=near\" title=\"%3$s\" aria-label=\"%3$s\"><\/iframe>\n\t\t<\/div>\n\t\t\t\t<\/div>\n\t\t\t\t<\/div>\n\t\t\t\t\t<\/div>\n\t\t<\/div>\n\t\t\t\t\t\t\t<\/div>\n\t\t<\/section>\n\t\t\t\t\t\t<\/div>\n\t\t\t\t\t<\/div>\n\t\t","protected":false},"excerpt":{"rendered":"<p>ADRESSE : 50, avenue Victor Hugo 66270 LE SOLER TELEPHONE : 04 68 92 46 70<\/p>\n","protected":false},"author":1,"featured_media":0,"parent":0,"menu_order":0,"comment_status":"closed","ping_status":"closed","template":"elementor_header_footer","meta":[],"yoast_head":"<!-- This site is optimized with the Yoast SEO plugin v16.4 - https:\/\/yoast.com\/wordpress\/plugins\/seo\/ -->\n<title>Adresse et num\u00e9ro de t\u00e9l\u00e9phone<\/title>\n<meta name=\"robots\" content=\"index, follow, max-snippet:-1, max-image-preview:large, max-video-preview:-1\" \/>\n<link rel=\"canonical\" href=\"https:\/\/toppizza66.fr\/index.php\/adresse-et-numero-de-telephone\/\" \/>\n<meta property=\"og:locale\" content=\"fr_FR\" \/>\n<meta property=\"og:type\" content=\"article\" \/>\n<meta property=\"og:title\" content=\"Adresse et num\u00e9ro de t\u00e9l\u00e9phone\" \/>\n<meta property=\"og:description\" content=\"ADRESSE : 50, avenue Victor Hugo 66270 LE SOLER TELEPHONE : 04 68 92 46 70\" \/>\n<meta property=\"og:url\" content=\"https:\/\/toppizza66.fr\/index.php\/adresse-et-numero-de-telephone\/\" \/>\n<meta property=\"article:modified_time\" content=\"2022-06-03T07:03:49+00:00\" \/>\n<meta name=\"twitter:card\" content=\"summary_large_image\" \/>\n<meta name=\"twitter:label1\" content=\"Dur\u00e9e de lecture est.\" \/>\n\t<meta name=\"twitter:data1\" content=\"1 minute\" \/>\n<script type=\"application\/ld+json\" class=\"yoast-schema-graph\">{\"@context\":\"https:\/\/schema.org\",\"@graph\":[{\"@type\":\"Organization\",\"@id\":\"https:\/\/toppizza66.fr\/#organization\",\"name\":\"Top Pizza\",\"url\":\"https:\/\/toppizza66.fr\/\",\"sameAs\":[],\"logo\":{\"@type\":\"ImageObject\",\"@id\":\"https:\/\/toppizza66.fr\/#logo\",\"inLanguage\":\"fr-FR\",\"url\":\"https:\/\/toppizza66.fr\/wp-content\/uploads\/2021\/06\/cropped-cropped-LOGO-PIZZA-TOP-A-RETOUCHER-e1623021916127-1.png\",\"contentUrl\":\"https:\/\/toppizza66.fr\/wp-content\/uploads\/2021\/06\/cropped-cropped-LOGO-PIZZA-TOP-A-RETOUCHER-e1623021916127-1.png\",\"width\":128,\"height\":124,\"caption\":\"Top Pizza\"},\"image\":{\"@id\":\"https:\/\/toppizza66.fr\/#logo\"}},{\"@type\":\"WebSite\",\"@id\":\"https:\/\/toppizza66.fr\/#website\",\"url\":\"https:\/\/toppizza66.fr\/\",\"name\":\"\",\"description\":\"\",\"publisher\":{\"@id\":\"https:\/\/toppizza66.fr\/#organization\"},\"potentialAction\":[{\"@type\":\"SearchAction\",\"target\":\"https:\/\/toppizza66.fr\/?s={search_term_string}\",\"query-input\":\"required name=search_term_string\"}],\"inLanguage\":\"fr-FR\"},{\"@type\":\"WebPage\",\"@id\":\"https:\/\/toppizza66.fr\/index.php\/adresse-et-numero-de-telephone\/#webpage\",\"url\":\"https:\/\/toppizza66.fr\/index.php\/adresse-et-numero-de-telephone\/\",\"name\":\"Adresse et num\\u00e9ro de t\\u00e9l\\u00e9phone\",\"isPartOf\":{\"@id\":\"https:\/\/toppizza66.fr\/#website\"},\"datePublished\":\"2021-06-13T23:17:42+00:00\",\"dateModified\":\"2022-06-03T07:03:49+00:00\",\"breadcrumb\":{\"@id\":\"https:\/\/toppizza66.fr\/index.php\/adresse-et-numero-de-telephone\/#breadcrumb\"},\"inLanguage\":\"fr-FR\",\"potentialAction\":[{\"@type\":\"ReadAction\",\"target\":[\"https:\/\/toppizza66.fr\/index.php\/adresse-et-numero-de-telephone\/\"]}]},{\"@type\":\"BreadcrumbList\",\"@id\":\"https:\/\/toppizza66.fr\/index.php\/adresse-et-numero-de-telephone\/#breadcrumb\",\"itemListElement\":[{\"@type\":\"ListItem\",\"position\":1,\"item\":{\"@type\":\"WebPage\",\"@id\":\"https:\/\/toppizza66.fr\/\",\"url\":\"https:\/\/toppizza66.fr\/\",\"name\":\"Accueil\"}},{\"@type\":\"ListItem\",\"position\":2,\"item\":{\"@id\":\"https:\/\/toppizza66.fr\/index.php\/adresse-et-numero-de-telephone\/#webpage\"}}]}]}<\/script>\n<!-- \/ Yoast SEO plugin. -->","_links":{"self":[{"href":"https:\/\/toppizza66.fr\/index.php\/wp-json\/wp\/v2\/pages\/162"}],"collection":[{"href":"https:\/\/toppizza66.fr\/index.php\/wp-json\/wp\/v2\/pages"}],"about":[{"href":"https:\/\/toppizza66.fr\/index.php\/wp-json\/wp\/v2\/types\/page"}],"author":[{"embeddable":true,"href":"https:\/\/toppizza66.fr\/index.php\/wp-json\/wp\/v2\/users\/1"}],"replies":[{"embeddable":true,"href":"https:\/\/toppizza66.fr\/index.php\/wp-json\/wp\/v2\/comments?post=162"}],"version-history":[{"count":10,"href":"https:\/\/toppizza66.fr\/index.php\/wp-json\/wp\/v2\/pages\/162\/revisions"}],"predecessor-version":[{"id":334,"href":"https:\/\/toppizza66.fr\/index.php\/wp-json\/wp\/v2\/pages\/162\/revisions\/334"}],"wp:attachment":[{"href":"https:\/\/toppizza66.fr\/index.php\/wp-json\/wp\/v2\/media?parent=162"}],"curies":[{"name":"wp","href":"https:\/\/api.w.org\/{rel}","templated":true}]}}